{"id":28683,"date":"2020-06-12T10:11:32","date_gmt":"2020-06-12T08:11:32","guid":{"rendered":"https:\/\/museus.esplugues.cat\/project\/coleccion-de-baldosas-de-muestra-salvador-miquel"},"modified":"2020-06-22T11:15:08","modified_gmt":"2020-06-22T09:15:08","slug":"coleccion-de-azulejos-de-muestra-salvador-miquel","status":"publish","type":"project","link":"https:\/\/museus.esplugues.cat\/es\/project\/coleccion-de-azulejos-de-muestra-salvador-miquel","title":{"rendered":"Colecci\u00f3n de azulejos de muestra Salvador Miquel"},"content":{"rendered":"<p>[et_pb_section fb_built=\u00bb1&#8243; _builder_version=\u00bb4.4.7&#8243; use_background_color_gradient=\u00bbon\u00bb background_color_gradient_start=\u00bb#8c944d\u00bb background_color_gradient_end=\u00bbrgba(140,148,77,0.21)\u00bb background_color_gradient_direction=\u00bb130deg\u00bb background_color_gradient_start_position=\u00bb49%\u00bb background_color_gradient_end_position=\u00bb18%\u00bb background_image=\u00bbhttps:\/\/museus.esplugues.cat\/wp-content\/uploads\/2020\/06\/MEL877.-Cap\u00e7alera-1.jpg\u00bb background_blend=\u00bbmultiply\u00bb][et_pb_row column_structure=\u00bb2_3,1_3&#8243; _builder_version=\u00bb4.0.7&#8243;][et_pb_column type=\u00bb2_3&#8243; _builder_version=\u00bb4.0.7&#8243;][et_pb_text _builder_version=\u00bb4.4.7&#8243; header_font=\u00bb|300|||||||\u00bb header_text_color=\u00bb#ffffff\u00bb header_font_size=\u00bb50px\u00bb header_font_size_tablet=\u00bb\u00bb header_font_size_phone=\u00bb30px\u00bb header_font_size_last_edited=\u00bbon|desktop\u00bb]<\/p>\n<h1>Colecci\u00f3n de azulejos de muestra Salvador Miquel<\/h1>\n<p>[\/et_pb_text][\/et_pb_column][et_pb_column type=\u00bb1_3&#8243; _builder_version=\u00bb4.0.7&#8243;][\/et_pb_column][\/et_pb_row][\/et_pb_section][et_pb_section fb_built=\u00bb1&#8243; _builder_version=\u00bb4.0.7&#8243;][et_pb_row use_custom_gutter=\u00bbon\u00bb _builder_version=\u00bb4.0.7&#8243; custom_padding=\u00bb1px||1px|||\u00bb][et_pb_column type=\u00bb4_4&#8243; _builder_version=\u00bb4.0.7&#8243;][et_pb_text _builder_version=\u00bb4.4.7&#8243;]<\/p>\n<p>El n\u00facleo del Museo Can Tintur\u00e9 es la colecci\u00f3n de azulejos de muestra de Salvador Miquel (Barcelona, 1900-1983), que consigui\u00f3 categorizar las baldosas de muestra como un verdadero patrimonio colectivo que hab\u00eda que preservar. Fue el primer presidente de la Asociaci\u00f3n Catalana de Cer\u00e1mica Decorada (hoy Asociaci\u00f3n Catalana de Cer\u00e1mica).<\/p>\n<p>La colecci\u00f3n cuenta con 3.918 piezas, y abarca desde el s. XIV hasta mediados del s. XIX (es decir, termina cuando se inicia la actividad de la f\u00e1brica Pujol i Bausis), y aunque b\u00e1sicamente es de baldosa catalana, incluye tambi\u00e9n testimonios de Valencia, Talavera, Sevilla, Teruel, Muel y Delft. Fue adquirida por el Ayuntamiento de Esplugues 1999.<\/p>\n<p>[\/et_pb_text][\/et_pb_column][\/et_pb_row][et_pb_row use_custom_gutter=\u00bbon\u00bb _builder_version=\u00bb4.0.7&#8243; custom_margin=\u00bb24px|auto||auto||\u00bb custom_padding=\u00bb1px||1px|||\u00bb][et_pb_column type=\u00bb4_4&#8243; _builder_version=\u00bb4.0.7&#8243;][et_pb_gallery gallery_ids=\u00bb28371,28368,28365,28362,28356,28353,28350,28347,28344,28341,28338,28335,28332,28326,28323,28320,28317,28314,28311,28308,28305,28302,28329,28359&#8243; posts_number=\u00bb24&#8243; show_title_and_caption=\u00bboff\u00bb _builder_version=\u00bb4.4.7&#8243; hover_enabled=\u00bb0&#8243;][\/et_pb_gallery][\/et_pb_column][\/et_pb_row][\/et_pb_section]<\/p>\n","protected":false},"excerpt":{"rendered":"<p>Colecci\u00f3n de azulejos de muestra Salvador MiquelEl n\u00facleo del Museo Can Tintur\u00e9 es la colecci\u00f3n de azulejos de muestra de Salvador Miquel (Barcelona, 1900-1983), que consigui\u00f3 categorizar las baldosas de muestra como un verdadero patrimonio colectivo que hab\u00eda que preservar. Fue el primer presidente de la Asociaci\u00f3n Catalana de Cer\u00e1mica Decorada (hoy Asociaci\u00f3n Catalana de [&hellip;]<\/p>\n","protected":false},"author":2,"featured_media":28335,"template":"","meta":{"_et_pb_use_builder":"on","_et_pb_old_content":"","_et_gb_content_width":"","_uag_custom_page_level_css":"","footnotes":""},"project_category":[861],"project_tag":[],"class_list":["post-28683","project","type-project","status-publish","has-post-thumbnail","hentry","project_category-salvador-miquel-es"],"uagb_featured_image_src":{"full":["https:\/\/museus.esplugues.cat\/wp-content\/uploads\/2020\/06\/MEL333.jpg",250,252,false],"thumbnail":["https:\/\/museus.esplugues.cat\/wp-content\/uploads\/2020\/06\/MEL333-80x80.jpg",80,80,true],"medium":["https:\/\/museus.esplugues.cat\/wp-content\/uploads\/2020\/06\/MEL333.jpg",250,252,false],"medium_large":["https:\/\/museus.esplugues.cat\/wp-content\/uploads\/2020\/06\/MEL333.jpg",250,252,false],"large":["https:\/\/museus.esplugues.cat\/wp-content\/uploads\/2020\/06\/MEL333.jpg",250,252,false],"1536x1536":["https:\/\/museus.esplugues.cat\/wp-content\/uploads\/2020\/06\/MEL333.jpg",250,252,false],"2048x2048":["https:\/\/museus.esplugues.cat\/wp-content\/uploads\/2020\/06\/MEL333.jpg",250,252,false],"et-pb-post-main-image":["https:\/\/museus.esplugues.cat\/wp-content\/uploads\/2020\/06\/MEL333-250x250.jpg",250,250,true],"et-pb-post-main-image-fullwidth":["https:\/\/museus.esplugues.cat\/wp-content\/uploads\/2020\/06\/MEL333.jpg",250,252,false],"et-pb-portfolio-image":["https:\/\/museus.esplugues.cat\/wp-content\/uploads\/2020\/06\/MEL333.jpg",250,252,false],"et-pb-portfolio-module-image":["https:\/\/museus.esplugues.cat\/wp-content\/uploads\/2020\/06\/MEL333.jpg",250,252,false],"et-pb-portfolio-image-single":["https:\/\/museus.esplugues.cat\/wp-content\/uploads\/2020\/06\/MEL333.jpg",250,252,false],"et-pb-gallery-module-image-portrait":["https:\/\/museus.esplugues.cat\/wp-content\/uploads\/2020\/06\/MEL333.jpg",250,252,false],"et-pb-post-main-image-fullwidth-large":["https:\/\/museus.esplugues.cat\/wp-content\/uploads\/2020\/06\/MEL333.jpg",250,252,false],"et-pb-image--responsive--desktop":["https:\/\/museus.esplugues.cat\/wp-content\/uploads\/2020\/06\/MEL333.jpg",250,252,false],"et-pb-image--responsive--tablet":["https:\/\/museus.esplugues.cat\/wp-content\/uploads\/2020\/06\/MEL333.jpg",250,252,false],"et-pb-image--responsive--phone":["https:\/\/museus.esplugues.cat\/wp-content\/uploads\/2020\/06\/MEL333.jpg",250,252,false]},"uagb_author_info":{"display_name":"empiezapori","author_link":"https:\/\/museus.esplugues.cat\/es\/author\/empiezapori"},"uagb_comment_info":0,"uagb_excerpt":"Colecci\u00f3n de azulejos de muestra Salvador MiquelEl n\u00facleo del Museo Can Tintur\u00e9 es la colecci\u00f3n de azulejos de muestra de Salvador Miquel (Barcelona, 1900-1983), que consigui\u00f3 categorizar las baldosas de muestra como un verdadero patrimonio colectivo que hab\u00eda que preservar. Fue el primer presidente de la Asociaci\u00f3n Catalana de Cer\u00e1mica Decorada (hoy Asociaci\u00f3n Catalana de&hellip;","_links":{"self":[{"href":"https:\/\/museus.esplugues.cat\/es\/wp-json\/wp\/v2\/project\/28683","targetHints":{"allow":["GET"]}}],"collection":[{"href":"https:\/\/museus.esplugues.cat\/es\/wp-json\/wp\/v2\/project"}],"about":[{"href":"https:\/\/museus.esplugues.cat\/es\/wp-json\/wp\/v2\/types\/project"}],"author":[{"embeddable":true,"href":"https:\/\/museus.esplugues.cat\/es\/wp-json\/wp\/v2\/users\/2"}],"version-history":[{"count":5,"href":"https:\/\/museus.esplugues.cat\/es\/wp-json\/wp\/v2\/project\/28683\/revisions"}],"predecessor-version":[{"id":30661,"href":"https:\/\/museus.esplugues.cat\/es\/wp-json\/wp\/v2\/project\/28683\/revisions\/30661"}],"wp:featuredmedia":[{"embeddable":true,"href":"https:\/\/museus.esplugues.cat\/es\/wp-json\/wp\/v2\/media\/28335"}],"wp:attachment":[{"href":"https:\/\/museus.esplugues.cat\/es\/wp-json\/wp\/v2\/media?parent=28683"}],"wp:term":[{"taxonomy":"project_category","embeddable":true,"href":"https:\/\/museus.esplugues.cat\/es\/wp-json\/wp\/v2\/project_category?post=28683"},{"taxonomy":"project_tag","embeddable":true,"href":"https:\/\/museus.esplugues.cat\/es\/wp-json\/wp\/v2\/project_tag?post=28683"}],"curies":[{"name":"wp","href":"https:\/\/api.w.org\/{rel}","templated":true}]}}

Colección de azulejos de muestra Salvador Miquel

<p>[et_pb_section fb_built=»1&#8243; _builder_version=»4.4.7&#8243; use_background_color_gradient=»on» background_color_gradient_start=»#8c944d» background_color_gradient_end=»rgba(140,148,77,0.21)» background_color_gradient_direction=»130deg» background_color_gradient_start_position=»49%» background_color_gradient_end_position=»18%» background_image=»https://museus.esplugues.cat/wp-content/uploads/2020/06/MEL877.-Capçalera-1.jpg» background_blend=»multiply»][et_pb_row column_structure=»2_3,1_3&#8243; _builder_version=»4.0.7&#8243;][et_pb_column type=»2_3&#8243; _builder_version=»4.0.7&#8243;][et_pb_text _builder_version=»4.4.7&#8243; header_font=»|300|||||||» header_text_color=»#ffffff» header_font_size=»50px» header_font_size_tablet=»» header_font_size_phone=»30px» header_font_size_last_edited=»on|desktop»]</p>
<h1>Colección de azulejos de muestra Salvador Miquel</h1>
<p>[/et_pb_text][/et_pb_column][et_pb_column type=»1_3&#8243; _builder_version=»4.0.7&#8243;][/et_pb_column][/et_pb_row][/et_pb_section][et_pb_section fb_built=»1&#8243; _builder_version=»4.0.7&#8243;][et_pb_row use_custom_gutter=»on» _builder_version=»4.0.7&#8243; custom_padding=»1px||1px|||»][et_pb_column type=»4_4&#8243; _builder_version=»4.0.7&#8243;][et_pb_text _builder_version=»4.4.7&#8243;]</p>
<p>El núcleo del Museo Can Tinturé es la colección de azulejos de muestra de Salvador Miquel (Barcelona, 1900-1983), que consiguió categorizar las baldosas de muestra como un verdadero patrimonio colectivo que había que preservar. Fue el primer presidente de la Asociación Catalana de Cerámica Decorada (hoy Asociación Catalana de Cerámica).</p>
<p>La colección cuenta con 3.918 piezas, y abarca desde el s. XIV hasta mediados del s. XIX (es decir, termina cuando se inicia la actividad de la fábrica Pujol i Bausis), y aunque básicamente es de baldosa catalana, incluye también testimonios de Valencia, Talavera, Sevilla, Teruel, Muel y Delft. Fue adquirida por el Ayuntamiento de Esplugues 1999.</p>
<p>[/et_pb_text][/et_pb_column][/et_pb_row][et_pb_row use_custom_gutter=»on» _builder_version=»4.0.7&#8243; custom_margin=»24px|auto||auto||» custom_padding=»1px||1px|||»][et_pb_column type=»4_4&#8243; _builder_version=»4.0.7&#8243;][et_pb_gallery gallery_ids=»28371,28368,28365,28362,28356,28353,28350,28347,28344,28341,28338,28335,28332,28326,28323,28320,28317,28314,28311,28308,28305,28302,28329,28359&#8243; posts_number=»24&#8243; show_title_and_caption=»off» _builder_version=»4.4.7&#8243; hover_enabled=»0&#8243;][/et_pb_gallery][/et_pb_column][/et_pb_row][/et_pb_section]</p>

<p>Colección de azulejos de muestra Salvador MiquelEl núcleo del Museo Can Tinturé es la colección de azulejos de muestra de Salvador Miquel (Barcelona, 1900-1983), que consiguió categorizar las baldosas de muestra como un verdadero patrimonio colectivo que había que preservar. Fue el primer presidente de la Asociación Catalana de Cerámica Decorada (hoy Asociación Catalana de [&hellip;]</p>

Colección de azulejos de muestra Salvador MiquelEl núcleo del Museo Can Tinturé es la colección de azulejos de muestra de Salvador Miquel (Barcelona, 1900-1983), que consiguió categorizar las baldosas de muestra como un verdadero patrimonio colectivo que había que preservar. Fue el primer presidente de la Asociación Catalana de Cerámica Decorada (hoy Asociación Catalana de&hellip;
